i). Let y be g(10). Let t(j) = j**2 - 7*j - 5. Calculate t(y).
3
Let w = 8 + 4. Let z(s) = -208*s**2 - 23*s + 39. Let k(u) = -333*u**2 - 34*u + 59. Let m(d) = 5*k(d) - 8*z(d). What is m(w)?
7
Let n(o) = -245 + o - 219 + o**3 + 514. What is n(0)?
50
Let c(t) = t - 6. Let s(k) be the first derivative of -19*k**2/2 + 270*k - 205. Let z be s(14). Give c(z).
-2
Let z(k) be the first derivative of k**2/2 - 3*k + 1. Suppose 92412*m - 92424*m = 36. Determine z(m).
-6
Let y = 10 - 3. Let x(i) be the third derivative of -i**6/120 + i**5/12 + 5*i**4/8 + 2*i**2 - 10850*i. Calculate x(y).
7
Let p(q) = -q - 10. Let s(b) = -5*b + 1. Suppose 0 = -u - 0*u - m, -5*u + 4*m = 0. Let j be s(u). Suppose -3*h = -2*a - 1, -4*a + 2*h = -3*a - j. What is p(a)?
-5
Let u = -123427 - -123435. Let b(n) be the second derivative of -n**4/12 + 2*n**3 - 2*n**2 + n. Determine b(u).
28
Let h be (-26)/8*(-6 - -2). Let t(i) = -12*i + 13*i + 0*i - 2 - 8. Determine t(h).
3
Let b(j) be the third derivative of -j**5/60 + j**4/3 - j**3/3 + 5*j**2. Suppose -3*n - 62 = 3*c - 2, 3*n = -5*c - 96. Let k = -11 - c. Determine b(k).
5
Let r(g) = -g**2 + 95*g - 1299. Let b be r(17). Let u(m) = -m**2 + 25*m + 34. Calculate u(b).
-20
Let p be 1*6/9*72/12. Let w(i) = 3 - 2 - 10*i + i + 2*i + 6*i. What is w(p)?
-3
Let d(w) be the second derivative of 5*w**3/6 - w**2/2 + 95*w + 4. Calculate d(1).
4
Let o(y) = -6*y + 4. Let x be o(-2). Suppose 8*k - x = 4*k. Suppose 4*j = -u - 25, k*u - 5*j = -0*j + 5. Let v(i) = -i**3 - 6*i**2 - 6*i - 2. Calculate v(u).
3
Let s(x) = -x**3 - 3*x**2 + 9*x + 20. Let c be (-32)/18 + (-4)/72*4. Let l be s(c). Let a(r) = 3*r + 2. Give a(l).
-4
Let w be (-9)/(-20)*8 - (-4)/10. Suppose -4*h = 4*j + h + 20, 20 = -w*j - h. Let q(z) = -z**2 - 6*z - 6. Calculate q(j).
-1
Let o be ((-598)/104)/((-4)/(-16)). Let a(r) = -r**2 - 25*r - 25. Give a(o).
21
Let b(t) = t + 22. Let w be b(-20). Let h(y) = w*y**2 + 23*y + y**3 - 23*y + 3*y**2. Determine h(-5).
0
Let p(x) = -3 + 10*x**2 + x - 6*x**2 - 3*x**2 - 2*x**3 + 3*x**3. Let r(n) = -n**3 + 4*n**2 + 2*n - 6. Let w be r(3). Suppose -8*f + w*f = 0. Determine p(f).
-3
Let o = -240 + 410. Suppose 8*a - 522 + o = 0. Suppose -5*c + 3*v + 14 = -33, -a = -4*c - 4*v. Let q(d) = -d**2 + 10*d - 5. Determine q(c).
-5
Let b(y) = y**2 + 68*y + 1133. Let o be b(-39). Let i(v) be the first derivative of -o*v - 27 + 1/2*v**2. What is i(-3)?
-5
Let j(d) be the second derivative of d**4/6 - 17*d**3/6 + 7*d**2/2 - 2*d - 367. Give j(8).
-1
Let p = -5 + -3. Let f = p - -14. Let l(x) = 497 - 2*x + 479 - 975. Give l(f).
-11
Let l(x) = -31*x**3 + 2 - 3 + 93*x**3 + x + 0. Calculate l(1).
62
Let x(b) = 56*b**2 + 12*b - 3 + 4 - 26*b + 15*b. Let k = -275 + 274. Determine x(k).
56
Let y(a) be the second derivative of -a**5/20 + 17*a**4/12 - a**3/6 + 4*a**2 + 1237*a. Determine y(17).
-9
Suppose -2*r + 360 = s + 361, 4*r - 4*s - 28 = 0. Let n(u) = -15*u**3 + u**2 + 3. Determine n(r).
-113
Let v(u) = 6*u - 23. Let k be v(13). Let c = k - 53. Let n(q) = 23 - 6 - q**c - 13. Calculate n(0).
4
Let y(w) = -8*w**2 - 129*w**3 - 11*w - 3*w**2 + 18 - 62*w**3 + 192*w**3 + w**2. Calculate y(11).
18
Let d = -40 - -43. Suppose -3 = d*x - 4*x. Let z(j) be the first derivative of j**4/4 - 2*j**3/3 + j**2 - 3*j + 26. Give z(x).
12
Let l(n) = -n**3 + 6*n**2 - 2*n - 7. Let g = -19840 + 19847. Calculate l(g).
-70
Suppose -13*c - 42 + 10 = -45*c. Let o(l) = 50*l + 2. Calculate o(c).
52
Let f(p) = p**2 - 4*p - 5. Let s = -119 - -117. Let u be f(s). Let k be ((-1)/2 + 0)*(-28)/u. Let x(b) = -3*b + 1. Give x(k).
-5
Let n(q) = 68476*q**3 + 65*q - 68 + 12*q**2 + 17*q**2 - 68477*q**3. What is n(31)?
25
Let z(i) = -i**2 + 80*i - 920. Let h be z(66). Let x(r) be the third derivative of 1/3*r**3 - 28*r**2 + 0 + 0*r + 1/24*r**h. Determine x(8).
10
Suppose 10*c + 10*c - 620 = 0. Let q(p) = -66 + 37 + c - 3*p. Let k = 1 + -5. Give q(k).
14
Suppose 0 = 39*c - 40*c + 3. Let x(k) = c + 4 - 3*k**3 + 2*k**3 + 3*k - 3*k**2 + 0. Give x(-3).
-2
Let n(s) be the second derivative of 0 + 17/2*s**2 - 1/6*s**3 - 184*s. Give n(9).
8
Let o(v) = v**3 - 3*v**2 + v + 1. Let z be (-7)/(((-75)/(-10))/(-15)). Let j be (z - (-4 + 6))*2/8. Determine o(j).
4
Let a(o) be the second derivative of -4*o**3/3 - 47*o**2 + 1805*o. Determine a(-11).
-6
Let u(b) be the first derivative of 74 - 1/3*b**3 - 2*b**2 + 6*b. Give u(-6).
-6
Let v(j) = -141 - 228 - j**2 + 539 + 35*j. Give v(39).
14
Let p(v) = -2 + 25 - 2*v + 18*v + v**2. Let s(i) = 363*i - 6185. Let x be s(17). What is p(x)?
-5
Let w(g) = g**2 + 6*g - 14. Let o be w(-8). Suppose 0 = o*m + 12 - 6. Let x be (0 - 4)/(-4) + (-3 - m). Let i(j) = 6*j. Determine i(x).
6
Let p(m) = 2*m**3 + m**2 + m + 1. Let r = 111 - 112. Let n(w) = -16*w**3 - 3*w**2 - w - 2. Let j(f) = r*n(f) - 3*p(f). What is j(-1)?
-9
Let j(r) be the third derivative of -13*r**4/24 + 53*r**3/6 - 2*r**2 - 874. Give j(5).
-12
Let w(t) = t**2 - t + 2. Let n be w(0). Let d(v) be the third derivative of -38*v**2 + 1/3*v**3 + 1/20*v**5 + 0 - 1/6*v**4 + 0*v. Give d(n).
6
Let v(q) = 4*q**2 - 28*q + 26. Let o = -122 - -113. Let u(b) = -b**2 + 7*b - 6. Let d(p) = o*u(p) - 2*v(p). What is d(7)?
2
Let s = -1503 + 1496. Let v(j) = -7*j + 14. Give v(s).
63
Let b = 5197 + -5197. Let q(h) be the second derivative of h**2 - 13*h + b*h**3 + 0 + 1/6*h**4 - 1/5*h**5. Give q(2).
-22
Let l(a) = a**3 + 4*a**2 - 7*a - 2. Let h(d) = -7*d + 13. Let q be h(16). Let v = 94 + q. Calculate l(v).
8
Let l = 45 + -9. Let p = -29 + l. Let b(g) = 2*g + 8 - 17 + 5 + p. Give b(-8).
-13
Let g be 1/(10/12 - 2/6). Let w(a) = -29 + 6 + 23 - a**3. What is w(g)?
-8
Let z(b) = -2*b**3 - 13*b**2 - 24*b - 7. Let c(h) = 3*h**3 + 20*h**2 + 38*h + 11. Let a(y) = -5*c(y) - 8*z(y). What is a(-2)?
5
Let o(y) = 43*y - 187. Let t be o(4). Let m(f) = f**2 + 13*f - 30. Give m(t).
0
Let l = -6945 + 6942. Let a(d) = 12*d + 19. What is a(l)?
-17
Suppose 4*f + 45 = 5*g - 6, 3*g = -2*f - 9. Let n(s) = 3*s + 2. What is n(f)?
-25
Let w(l) = 13*l + 2. Suppose 0 = 49*a - 106 + 302. What is w(a)?
-50
Let j(i) = i**2 - 33*i + 60. Suppose 3*c - 2*r - 87 = 0, 4 - 16 = -4*r. What is j(c)?
-2
Let t be (-4)/5 + (-3)/15 - -2. Let j(k) = k**3 - k - 5. Let x(o) = o**2 - o + 1. Let p(l) = t*j(l) + 3*x(l). Determine p(-3).
10
Let r be (-22 - 0/3)/(-2). Let q = 6 - r. Let n(k) be the first derivative of k**2 + 7*k - 1976. Determine n(q).
-3
Let v = 765 + -741. Let x(u) = 4*u - 96. Give x(v).
0
Let v(b) = b**2 + 28*b - 8. Let d be 2/(-15) + 29260/(-1050). What is v(d)?
-8
Suppose r - 2*o = 8 - 4, 5*o = 5*r - 20. Let c(t) be the second derivative of t**4/12 - 2*t**3/3 + 5*t**2/2 - 12*t. Determine c(r).
5
Let w(o) = 5*o**3 + 6*o**2 + 22*o + 12. Let r(v) = v**3 + 4*v + 2. Let c(i) = -6*r(i) + w(i). What is c(4)?
24
Let w(r) = -r**3 + 11*r**2 - 23*r + 10. Let f be w(8). Let v(x) = x**2 - 14*x - 75. What is v(f)?
-3
Let g(l) be the first derivative of -13 + 4*l + 1/2*l**2 - 1/3*l**3. Let v be -2*(0 - 1)*2. Calculate g(v).
-8
Let x(i) = -2*i**2 - 5*i - 1. Let n(o) = -3*o**2 - 6*o - 1. Let w(g) = 4*n(g) - 5*x(g). Suppose 0 = -707*b + 712*b + 3*f - 10, -5*b = -4*f + 25. Give w(b).
-2
Let o = 20 - 14. Let c = 22176 - 22174. Let g(f) = -1 + 2 + o*f**2 - c*f**2 + 10*f**3 - 5*f**2 - f. Calculate g(1).
9
Let m = -88 - -168. Let k(t) = -4 - 2*t + m*t**2 - 43*t**2 - 38*t**2. Suppose -r + 2*v - 18 = 4*r, -r = -v + 3. Calculate k(r).
-12
Let n(m) be the first derivative of m**2/2 - 10*m + 6838. Let p be 2 + (0 + 2)/2. Suppose y + 9 = k - p*y, -5*k - 2*y - 43 = 0. Determine n(k).
-17
Suppose 405 = 3*x + 5*t, -5*x + t = 5*t - 662. Let i be ((-36)/(-10))/(39/x). Let v(k) = -k**2 + 12*k - 9. Calculate v(i).
-9
Let z(v) be the second derivative of -v**5/10 - 2*v**4 - 4*v**2 + 969*v + 1. Calculate z(-12).
-8
Let x(q) = q**3 - 7*q**2 + 6*q - 8. Let d(l) = l**2 - 7*l + 15. Let u = -28 + 33. Let k be d(u). Suppose -k*z = 4*z - 54. What is x(z)?
-8
Let w(x) = -3*x**2 - 2*x + 1. Let y(n) = -32*n**2 - 30*n + 6. Let z(b) = -11*w(b) + y(b). What is z(9)?
4
Let x(u) = 2*u**3 - 4*u**2 + 3*u. Suppose -7*n + 85 = -2*n. Suppose d = 3*v - n, 3*d - d + 22 = 3*v. Suppose -v*w - 2*h = 0, -5*h = 4*w - 2*w + 16. Give x(w).
6
Let l be ((-27)/(-108))/((-2)/(-32)). Let g be (64/144)/(l/(-18)). Let z(o) = o**2 + o + 5. Determin